 j(-1). Let n be ((-30)/(-9))/((-4)/l). Let z = n - 61. What is the greatest common divisor of 11 and z?
11
Let p(i) = i**2 + 10*i + 4. Let a be p(-9). Let k be 6/(-15) - 27/a. Let w = 28 - -12. What is the greatest common factor of k and w?
5
Let l be (2/(-3))/((-3)/9). What is the greatest common factor of 2 and l?
2
Suppose 0 = c - 1, c - 17 = -4*y. Let s = y - 4. Suppose 4*p = -p - 10, -5*z + 2*p + 139 = s. What is the highest common factor of z and 3?
3
Let h(x) be the second derivative of -x**4/12 + 13*x**3/6 + 3*x**2 + 2*x. Let p be h(12). Calculate the highest common divisor of 18 and p.
18
Let z be 185 + (-2 - -1)*-2. What is the greatest common divisor of 17 and z?
17
Let c be 2/(-5)*(3 - -2). Let f = 36 - 35. Let l be ((-1)/f)/(c/4). Calculate the greatest common divisor of l and 22.
2
Let x be (0 - -4) + 9 + (0 - 1). What is the highest common divisor of x and 18?
6
Let u(d) = 7*d - 32. Let f be u(8). What is the highest common divisor of 18 and f?
6
Suppose 0 = 6*s - 4 - 2. What is the greatest common divisor of 7 and s?
1
Let l = 20 - 35. Let n = 25 + l. What is the greatest common factor of 25 and n?
5
Let i(z) = 3*z**2 + 2*z - 3. Let q be i(-3). Suppose 48 - q = 2*o. Calculate the highest common factor of 75 and o.
15
Suppose -6*q + q = 0, -4*c + 3*q + 56 = 0. Suppose x - 5*l = -13, 30*x - 26*x + 3*l = 40. Calculate the greatest common divisor of x and c.
7
Let w = -13 + 22. Let v be w/1 - (2 - 2). Suppose -f - 1 + v = 0. What is the highest common factor of f and 1?
1
Let z = 123 + -119. Calculate the highest common divisor of z and 16.
4
Suppose 0 = -4*p - 5*x + 77, 2*p - 2*x - x - 11 = 0. Suppose 3*u = -0*u + 312. What is the highest common factor of u and p?
13
Let g(s) = -2*s**3 + 14*s**2 + s - 2. Let a be g(7). Let l = 48 - 23. What is the greatest common divisor of a and l?
5
Let v(d) = 6*d + 39. Let x be v(4). Calculate the highest common divisor of x and 21.
21
Let w be (-6)/4*(-6)/3. Let i be 15/(-9) - 4/(-6). Let q = i - -4. What is the highest common divisor of q and w?
3
Let g be 3*(128/6)/2. Let t = -19 + g. Let y = 35 - -108. What is the highest common divisor of y and t?
13
Let u = -48 + 438. Suppose -2*a = 5*m - 800, -a = -3*m + 101 + u. Calculate the greatest common divisor of 18 and m.
18
Let z(f) = 48*f**2 + f - 1. Let x be z(-1). Let d = x - 26. What is the greatest common factor of 160 and d?
20
Suppose -3*y - h + 23 = -0*h, 33 = 3*y + 3*h. Suppose 5*n + 5*d - 159 = y*d, -3*d + 163 = 5*n. What is the greatest common factor of n and 48?
16
Suppose 2*y = -2 + 12. What is the highest common divisor of y and 10?
5
Suppose 2 + 4 = 3*a. Suppose 2*o + l + 8 = 4*l, a*l - 9 = 5*o. Let i be (4 - 3)/(o/(-8)). What is the greatest common factor of 16 and i?
8
Let r(l) be the first derivative of -l**4/4 - 8*l**3/3 - l**2/2 - 6*l + 2. Let p be r(-8). What is the greatest common factor of 14 and p?
2
Let l be (-7)/(140/(-8))*5. Suppose -5*y + 20 = 3*w, -3*y + l*y - 4 = -w. What is the highest common factor of w and 15?
5
Let r = 34 + -22. Calculate the greatest common factor of r and 3.
3
Let q be (-3 - 3)/(4/(-10)). Let d = 121 - 106. What is the highest common factor of d and q?
15
Suppose 4*a - 1 = 3*t, 5*t + 0*a - 9 = 4*a. Suppose r - t = -3. What is the greatest common factor of 2 and r?
2
Let f = -433 + 297. Let s be (f/(-5))/(1/5). Suppose j = 5*j - s. What is the greatest common factor of 85 and j?
17
Let c(r) = -78*r**3 + 2*r + 1. Let q be c(-1). Calculate the highest common divisor of 11 and q.
11
Suppose -5*s = -0*s. Let g = s - 2. Let u be 145 + -1 + 2/g. Calculate the greatest common factor of u and 13.
13
Let y be 6/((21/2)/7). Suppose 9*b - y*b - 65 = 0. Calculate the highest common factor of b and 117.
13
Suppose 4*y - 3*y - 272 = 0. What is the greatest common factor of 34 and y?
34
Let d(a) = -a**2 - 9*a - 5. Let h be d(-7). Let b(p) = p**3 - 9*p**2 - 4*p + 12. Let k be b(10). Calculate the highest common factor of h and k.
9
Let m be (-1)/(-4) + 21/12. Suppose 3*c = -m*c + 45. Calculate the highest common divisor of c and 6.
3
Let b(r) = r**2 - 3*r - 1. Let j be b(5). What is the highest common divisor of j and 72?
9
Let a(q) = q**3 + 2*q**2 - q - 1. Let h be a(-2). Suppose 5*d = -2*g - 1, 2*d + 5 = 3*g + 16. What is the greatest common factor of h and d?
1
Let l = -5 - -14. Calculate the highest common factor of l and 27.
9
Let l(i) = 16*i. Let o be l(1). Let b(h) = h**3 - 10*h**2 + 9*h + 8. Let r be b(9). Calculate the highest common divisor of r and o.
8
Let i(m) = -m**2 + 7*m + 1. Let v be i(5). Suppose -5*c - 35 = 5*f, -v - 15 = 3*c - 2*f. Let g = c - -9. What is the greatest common factor of g and 1?
1
Suppose -9*l = -2*l - 147. Calculate the greatest common divisor of 63 and l.
21
Suppose 0 = 5*i + 5*n - 40, -5*i - 5*n = -7*i - 12. Suppose 0 = 2*k - k - 16. What is the greatest common divisor of k and i?
4
Let f(i) = -i**3 + 3*i**2 - 3*i + 3. Let o be f(2). Calculate the greatest common divisor of o and 9.
1
Let z(m) = -m**3 + 9*m**2 + 10*m + 5. Let x be z(10). What is the greatest common factor of 10 and x?
5
Suppose 2*f - 27 = -q, -f + q + 37 = f. What is the highest common factor of 2 and f?
2
Suppose 3*o = -2*x - 40, -2*o - 2*x - 9 = 17. Let u be 10/(-35) + (-4)/o. Suppose -5*g + 15 + 0 = u. What is the greatest common factor of g and 12?
3
Let i = -76 - -94. What is the highest common divisor of 18 and i?
18
Let l = -15 - -20. Calculate the greatest common divisor of l and 15.
5
Suppose 0 = 5*n - 2*v - 319, -9 = 5*v + 1. Let h be ((-49)/35)/(1/(-5)). Calculate the highest common divisor of n and h.
7
Let l = 19 - 9. What is the greatest common factor of l and 110?
10
Suppose -20 = -c - 4*c. Suppose 5*g - 176 = -d + 298, 4*g = -4*d + 376. Suppose 0 = c*n + 23 - g. What is the highest common divisor of n and 9?
9
Let o = 44 + -28. Let v = 24 - o. Calculate the highest common factor of 8 and v.
8
Let m(q) = 2*q**3 - 8*q**2 + 6*q. Let j be m(6). What is the highest common factor of j and 20?
20
Suppose 0 = -4*c + 8*c - 80. Calculate the highest common divisor of c and 10.
10
Let i be (1 - 1) + 3 + -9. Let s = i - -16. Calculate the greatest common factor of 50 and s.
10
Let j be 2 - (-4 - (-3 + 1)). Suppose 0 = 2*y - j + 2. Let x = 2 - y. Calculate the highest common factor of x and 6.
1
Let i(x) = x - 54. Let p be i(0). Let b = 14 - p. What is the highest common factor of 17 and b?
17
Let b be (0 - -2 - -1) + 24. Calculate the highest common factor of 3 and b.
3
Let u be (-82)/(-5) - 2/5. Let f = 25 - u. Calculate the highest common divisor of 72 and f.
9
Let u(i) = 11*i**2 - 3*i + 7. Let l be u(2). Calculate the highest common factor of l and 45.
45
Let d = -12 - -21. What is the highest common factor of d and 36?
9
Let v(a) be the first derivative of -a**2/2 + 5*a - 3. Let l be v(6). Let m = l - -8. Calculate the greatest common divisor of m and 21.
7
Suppose 0 = -3*k - 3*r + 30, -6 = 2*r + 2. Suppose 3*s - k = 4. What is the greatest common divisor of s and 4?
2
Let d = 805 - 790. Suppose 4*r = 0, 289 = -2*f - 3*r + 79. Let v be (f/(-4))/((-3)/(-12)). Calculate the greatest common factor of v and d.
15
Let n = 3 - 0. Suppose n*g - 180 = -0*g. Suppose 4*k + k = g. What is the highest common divisor of k and 18?
6
Suppose 5*a + 62 = 2*l - 0*l, 0 = l - 4*a - 34. Let z be (-102)/(-8) + 1/4. What is the highest common divisor of l and z?
13
Suppose 0 = -5*l - 2*w - 14, -l + 2*l + 3*w = 5. Let q = 6 + l. Calculate the greatest common divisor of q and 22.
2
Let z = 18 + -3. Let c(d) be the second derivative of d**3/2 - 3*d**2/2 + 2*d. Let i be c(3). What is the greatest common factor of i and z?
3
Let s(d) = -d**3 - 7*d**2 - 9*d - 4. Let q be s(-6). Let x be (-10)/45 - 58/(-18). Suppose -2*l = -x*l + 21. What is the highest common factor of l and q?
7
Let y = -57 + 99. Calculate the highest common divisor of y and 105.
21
Suppose -4*y = -0*g + 3*g - 17, -5*g - 2*y + 19 = 0. Let t be (-5)/1*(-36)/g. What is the greatest common divisor of 24 and t?
12
Let w(t) = 0*t**2 - 2 + t**2 - 2*t + 4*t - t. Let q be w(3). Calculate the highest common divisor of q and 30.
10
Let a be 3/((-6)/8) - -61. What is the highest common factor of 19 and a?
19
Let b(d) = 2*d**3 - 3*d**2 + 3*d - 1. Let p be b(2). Let